ne s(4).
-3
Let y(c) = -7*c - 59. Let i(p) = -p**2 + 31*p - 10. Let h be i(31). What is y(h)?
11
Let z(v) = 26 - 40 + v**3 - 10*v**2 + 15 + 12 - 2*v**2. Let b = 18 + -6. Give z(b).
13
Let o(n) = -17*n - 84. Let y be (-1)/4*0/79 + -11. Calculate o(y).
103
Let a be (-2 - (-1 + 1))*2/(-4). Let t(f) = f**3 + 2*f**2 + 3*f - 4. Calculate t(a).
2
Let g(m) = 2*m**2 - 14*m - 839. Let x be g(-17). Let i(b) = 4*b + 92. Determine i(x).
0
Let p(m) = -m**2 - 10*m + 1. Let b(y) be the first derivative of -y**2/2 - 1. Suppose 0 = 31*s + s - 32. Let u(r) = s*p(r) - 5*b(r). Calculate u(-5).
1
Let j(l) = -3*l**3 + 99*l**2 - 547*l + 22. Let u be j(26). Let t(f) = -2*f**2 - 42*f - 146. Determine t(u).
-10
Let y(h) = -58*h**2 + h + 1. Let r(u) = -231*u**2 + 7*u - 6. Let s(t) = r(t) - 4*y(t). What is s(-7)?
18
Let b(x) = 6*x + 20. Let u = 28 - 33. Let j be b(u). Let y be (18/(-4))/(15/j). Let l(k) = k - 3. What is l(y)?
0
Let f(z) = -3 - 18 - 39*z + 79*z - 12*z. Let y(k) = 9*k - 6. Let v(t) = -2*f(t) + 7*y(t). Give v(4).
28
Let w(x) be the third derivative of -2/3*x**3 + 2 - 1/30*x**5 - 13*x**2 + 0*x + 1/6*x**4. Determine w(2).
-4
Let p(s) = s**2 - 15. Let w = -27 - -28. Let y be (w/1)/(3/6). Suppose 5*o - 3*j = 12, -y*o + 0*j + 4 = -j. Determine p(o).
-15
Let h(f) = 2*f - 2. Let t = -91 + 95. Suppose -3*s - 35 = -5*b, -b - t*s = -4*b + 21. Calculate h(b).
12
Let j(r) = -25*r**2 + 3*r + 4. Let t = 4322 + -4324. Give j(t).
-102
Let u(y) = y**3 - 7*y**2 + 21*y - 142. Let k be u(7). Suppose k*b + 6 = -3*i + 4*b, 2*b = i + 2. Let s(q) = 3*q**2 + 4*q + 4. Determine s(i).
8
Let s be 4/(-6) + ((-4410)/(-27))/(-10). Let u(p) = -5*p**2 + 16*p - 5. Let t(d) = 14*d**2 - 47*d + 14. Let z(n) = s*u(n) - 6*t(n). Calculate z(-10).
1
Let r(n) be the third derivative of 0*n**3 + 0*n**4 + 62 - n**2 - 17/120*n**6 + 0*n - 1/60*n**5. Give r(1).
-18
Let s(a) = -a**3 + 17*a**2 + 36*a + 53. Let p(h) = 143*h + 4452. Let d be p(-31). What is s(d)?
15
Let l(v) = -4*v - 18. Let g(h) = h + 31. Let u(b) = g(b) + l(b). Determine u(-8).
37
Let r(o) = 0*o**2 + 3*o + 3*o**2 - 1 - 4*o**2 + 3*o**2. Suppose -m + 2*x + 5 = 0, 5*m = 3*x + 4 + 14. Determine r(m).
26
Let y(k) = -10*k**3 - 3*k**2 + k - 10. Let r(w) = w**2 - 7*w + 6. Let m be r(7). Let o(d) = 11*d**3 + 4*d**2 - d + 12. Let p(j) = m*y(j) + 5*o(j). Give p(2).
-30
Suppose -3*j + 24 = 4*t, 5*j = 2*t + 6*j - 14. Let z(i) = -190*i - 11 + i**3 - t + 189*i + 21*i**2. Determine z(-21).
1
Let m(c) = -4*c - 97 - 77 + 9*c**2 + 176. What is m(1)?
7
Let b(t) = 18*t**3 - 2*t - 17*t**3 - 6*t**2 + 0 + 2. Suppose -4*a + 0 = -8. Suppose -2*v + 5*q + 27 = 0, 2*v = -a*q + 6 - 0. What is b(v)?
-10
Suppose 6*t + 21 = 2*q + 7, -5*q + 19 = t. Let b(w) = 14*w**3 - 1. What is b(t)?
-15
Let n(k) = k**2 + 12*k + 8. Let z(p) = -p**2 - 13*p + 1002. Let t be z(26). Calculate n(t).
8
Let h(c) = -2*c**2 - 8*c - 2. Let w be h(-3). Suppose w*q - 2*q = 6. Let f(r) = 4*r - 3*r - 5*r + q*r + 4. Give f(6).
-2
Let r(h) = -h**3 - 6*h**2 + 8*h + 2. Let m = -532 - -571. Suppose -4*s - s = 2*o + m, -2*o - 4 = 0. Give r(s).
-5
Suppose -7383 = -13*c - 7435. Let u(d) = 2*d**2 + 9*d - 7. Calculate u(c).
-11
Suppose 81 - 46 = 7*l. Let q(s) = -11*s + 56. What is q(l)?
1
Let l(v) be the first derivative of 2*v**3/3 - v**2/2 - 10*v + 939. What is l(3)?
5
Let a(d) = 2*d**2 - 2*d + 2. Let t(g) = -12*g**2 - 40 + 8*g**2 + 1 - 75*g - 2 - 12. Let j be t(-18). What is a(j)?
2
Suppose 17*y + 30 = 2*o + 21*y, 5 = y. Suppose 0 = o*x - 2*x - 12. Let v(r) = -r**2 + 6*r + 2. Give v(x).
10
Let l(o) be the first derivative of o**6/360 + o**5/120 + 3*o**4/8 - 18*o**3 + 30. Let f(p) be the third derivative of l(p). Determine f(0).
9
Let n(a) = -25*a**3 + 11*a**2 + 1 + 6 + 11*a**3 + 13*a**3. Let q = -7 - -18. Give n(q).
7
Let t(b) = -17*b + 394. Let y(k) = -5*k + 133. Let s(w) = -10*t(w) + 31*y(w). Calculate s(-12).
3
Let y = 17 - 15. Let b(t) = -435*t - 3*t**2 + 2*t**y + 867*t - 1 - 430*t. Let o(k) = k + 5. Let r be o(0). What is b(r)?
-16
Let l(x) be the third derivative of -x**5/60 - x**4/4 + 11*x**3/6 - 1689*x**2. Determine l(-8).
-5
Suppose 0 = -5*m + 2 - 17. Let d(q) = 8*q + 18. Let h(z) = -7*z - 16. Let t(s) = 6*d(s) + 7*h(s). Give t(m).
-1
Suppose 0 = 71*i - 83*i + 72. Let l(a) = 2*a**2 - 22*a + 58. Let f be l(i). Let k(m) = 9*m - 1. Calculate k(f).
-19
Let j(f) = -11*f**3 + 24*f**2 + 33*f - 39. Let u = -115 + 112. Let l(o) = 4*o**3 - 8*o**2 - 11*o + 13. Let m(h) = u*j(h) - 8*l(h). Determine m(9).
-5
Let w(y) = -y. Let x = 313 - 310. Suppose -x*p = -2*j + 7 - 14, -j - p + 9 = 0. Calculate w(j).
-4
Let w(y) be the third derivative of -y**5/60 + y**4/12 + 9*y**3/2 + 102*y**2. Determine w(7).
-8
Let n(p) = p. Suppose -20*x = -155 + 1335. Let k be x/(-19) - 72/684. What is n(k)?
3
Let r(t) = 1032*t + 7223. Let u be r(-7). Let j(f) = -21*f - 4. Determine j(u).
17
Let r = -48 + 44. Let i = 3 - r. Let c be (3 + (-1 - 0))/(2/i). Let z(f) = -3*f + 10. Give z(c).
-11
Let x(r) = -r**3 + 5*r**2 - r + 7. Let f(o) be the first derivative of 3*o**2/2 - 3*o + 11. Let k be f(8). Let s = -16 + k. Determine x(s).
2
Let u(i) = i**2 + 42*i + 116. Suppose 0 = -69*o - 34*o - 215 - 94. What is u(o)?
-1
Suppose 0 = 15*l - 6*l - 108. Let a(w) = 23 + 5*w - 3 - l. Give a(-8).
-32
Let o(q) = -30*q + 568. Let t be o(19). Let c(g) = g**3 + 5*g**2 - g - 5. Let m be c(-5). Let f(z) = -3 + m*z - z + 4. What is f(t)?
3
Let l(d) = -3*d**2 - 5*d + 6. Let r(c) = -10*c**2 - 3*c + 11. Let v(i) = -17*i**2 - 7*i + 22. Let y(f) = -5*r(f) + 3*v(f). Let z be y(2). What is l(z)?
-44
Let n(h) = -3*h + 17. Let k be n(-8). Suppose -3*a - k = 5*p, -24 = -a + 5*a - p. Let f(c) be the first derivative of c**2/2 + 5*c + 8. Determine f(a).
-2
Let h be 3/4 + -1 + 11/44. Suppose h = 5*r + 10. Let o(p) = -2*p - 3*p + 3*p - p**2. Give o(r).
0
Let p be (12/((-8)/2))/((-21)/14). Suppose r - 8 = -s, 0*s + 4*s - 22 = -p*r. Let c(o) = -4*o + 10. Give c(s).
-2
Suppose -2*g = 3*s - 7*g - 53, -3*s = -g - 37. Let y(n) be the third derivative of 0*n - 7/3*n**3 + 0 + 1/24*n**4 + 61*n**2. Calculate y(s).
-3
Let s(k) = 2*k**2 - 2*k. Let p be s(2). Let f(t) = t**3 - 20*t + 14. Calculate f(p).
-2
Let u(g) = -g - 8. Suppose -19*n + 246 + 96 = 0. Suppose 4*f + o = 2*o - 10, 3*o = -4*f - n. What is u(f)?
-5
Let k(l) = l - 5. Suppose 17*g + 21 = -13. Let x(q) = -q + 6. Let f(w) = g*x(w) - 3*k(w). Give f(10).
-7
Let a = -17 + 24. Let s(w) = -w**2 - 4*w + 7. Let v be s(-5). Let l(d) = -1 - 4*d**2 - 5*d - 3*d**2 - d + 8*d**v. What is l(a)?
6
Let j be (4 - 1) + (-2)/(2/(-3)). Let d(n) = 2*n - 32. Let c(m) = -m + 17. Let b(i) = -11*c(i) - 6*d(i). What is b(j)?
-1
Let o = -712 - -711. Let y(l) = -9*l**3 - 3*l - 3. What is y(o)?
9
Let l(a) be the third derivative of -a**4/24 - 5*a**3/3 + 57*a**2. Let d be l(-11). Let u(m) = -35*m. Calculate u(d).
-35
Let g(c) = c**3 - 9*c**2 - 17*c + 5. Let l be g(0). Let i(v) be the second derivative of -v - v**3 + 1/2*v**4 - 1/20*v**5 + 0 - 1/2*v**2. Calculate i(l).
-6
Let o(s) = s**3 + 9*s**2 + 8*s - 5. Suppose 10 = 6*j - 7*j. Let l = -2 - j. Suppose -l*h + 9 = 73. Calculate o(h).
-5
Let m(r) be the first derivative of -r**2/2 - 2*r + 7. Let f(o) = -2*o - 5. Let x(u) = -4*f(u) + 7*m(u). Let q = 11428 - 11438. What is x(q)?
-4
Let n(k) = -k**2 + 55*k + 28. Let j(m) = -m**2 + 62*m + 30. Let h(r) = -5*j(r) + 6*n(r). What is h(19)?
37
Suppose -4*h + 166 - 482 = -83*h. Let p(u) = -u**2 - 2*u + 5. What is p(h)?
-19
Let k(o) = 31*o**2 + 8*o - 61. Let x(p) = 19*p**2 + 5*p - 37. Let z(b) = 8*k(b) - 13*x(b). Let l = -20 - -25. What is z(l)?
13
Let i be (2/6*-2)/((-3)/81). Suppose -7*g = -i + 46. Let j(x) = x**2 + 5*x + 3. What is j(g)?
-1
Let f(j) = 6 + 73 - 134*j + 58 + 139*j. What is f(-30)?
-13
Let u be 4/18 - 2/9. Suppose u = 2*b + b. Let c(r) = -5 + 7 + b - r. Give c(5).
-3
Let a be (64/(-4) - -5)*(-3 + 0). Suppose -a*n + 14 + 19 = 0. Let g(b) = 20*b. Let m(r) = 8*r. Let v(d) = -5*g(d) + 12*m(d). What is v(n)?
-4
Let g(s) = 0*s + 5*s - 6*s. Let h = -26 + 36. Suppose h - 1 = 3*n, 3*v + 2*n = 24. Determine g(v).
-6
Let r(y) be the second derivative of -y**5/20 + 5*y**4/6 + 2*y**3 + 5*y**2 - 6*y. Suppose -3*x = -2*f + 248 - 283, 4*x - 41 = -3*f. What is r(x)?
21
Suppose -3*r - 7*r - 9*r = -19. Let p(c) = -40*c - 6. Give p(r).
-46
Let u(m) = 2*m**2 - 64*